 the greatest common factor of c and 3740?
22
Let u = 91 + 49. Calculate the greatest common factor of u and 380.
20
Let d = 37 - 32. Suppose -4*b = -2*n + 14, -n = 3*n - d*b - 13. Let k = n - -20. Calculate the highest common factor of 136 and k.
17
Let f(j) = -2*j**3 + 30*j**2 + 3*j + 11. Let z be f(15). Let l be 9 + z/16 + 1/(-2). What is the highest common divisor of l and 102?
6
Suppose 27*b = 26*b - 162. Let l be b*(26/(-36) + (-20)/(-90)). Let r(z) = 2*z**2 + z - 1. Let p be r(2). What is the greatest common factor of p and l?
9
Suppose -147 = -3*s + 48. Let i = s - 37. Suppose -28*m + 34*m = 1848. What is the greatest common divisor of i and m?
28
Let d be (27 - -18)*(243/(-5))/(-3). Suppose -d = -3*g + s, -6*s + 9*s = -9. Calculate the greatest common divisor of g and 22.
22
Let h = 2859 + -227. What is the greatest common divisor of h and 16?
8
Let a be (-4)/(-3)*(3 + 0). Let x = 660 + -634. Suppose -x*n + 60*n - 34 = 0. Calculate the highest common factor of a and n.
1
Let k(i) = -i**3 - 11*i**2 - i - 1. Suppose -17 = 3*u - 116. Suppose 0 = -19*j + 16*j - u. Let r be k(j). Calculate the greatest common factor of r and 4.
2
Suppose 0 = -4*c + 6 - 2. Let t = -200 + 203. Let o be 85/(-2)*(c - t). Calculate the greatest common divisor of 34 and o.
17
Let o be 14 - (2 - 1 - (6 + -10)). Let c(n) = -4*n - 10. Let t be c(-7). Suppose 0*x = 3*x - t. Calculate the greatest common factor of x and o.
3
Let w(g) = -g + 127. Let q(s) = s - 1. Let o(n) = 6*q(n) + w(n). Let z be o(0). Let a be z/5 - 9/45. What is the greatest common factor of 216 and a?
24
Let g(p) = -133*p**3 + 7*p**2 + 41*p + 57. Let z be g(-3). What is the greatest common factor of z and 828?
276
Suppose -2*y = -5*z - 2, 2 = 4*z + y + 1. Suppose -6*w + 55 + 17 = z. Calculate the highest common factor of w and 228.
12
Let s be -1 + 344 + (-11)/(-121)*99. Calculate the highest common factor of s and 576.
32
Let n = 803 - 774. What is the greatest common divisor of 2 and n?
1
Suppose -23*t + 12487 - 3182 = -8359. Calculate the greatest common divisor of t and 328.
8
Suppose 3*t + 615 = 141. Let r = 161 + t. Calculate the highest common factor of r and 93.
3
Let v = -116 + 121. Suppose -159 + v = -11*x. What is the highest common factor of 56 and x?
14
Let n = -182 - -200. Let f(i) = -i**3 + 10*i**2 + 25*i - 8. Let o be f(12). Let u be 1/((o/(9 - -3))/3). What is the greatest common factor of u and n?
9
Let r(c) = -2*c**3 - 103*c**2 + 158*c - 9. Let q be r(-53). What is the greatest common divisor of q and 196?
4
Let a = 917 - 607. Suppose o = -4*o - 5*g + a, 3*o = g + 170. Let t = 0 - -145. Calculate the greatest common factor of o and t.
29
Suppose 7 = -u - 3*z, -5*u + 1 = 5*z + 36. Let m be ((-6)/u)/(10/70). What is the greatest common factor of 27 and m?
3
Let b = 34 + -30. Let c be ((-220)/(-25) - 0)/(1/5). Calculate the highest common factor of b and c.
4
Let b = 40939 - 40908. Calculate the highest common divisor of b and 33139.
31
Let t be 1 + -5 + (-12)/20*-5. Let d be (3 + (-21)/6)*(t - -1). Suppose d*j + 38 = r + j, 2*r - 5*j = 90. What is the greatest common divisor of 5 and r?
5
Suppose 0 = 3*o - 45 - 6. Suppose 10*v - 5*v - 1662 = -2*a - 485, 14*v - 154 = 0. What is the highest common factor of a and o?
17
Let s(n) = n**3 - 20*n**2 - 40*n - 48. Let g be s(22). Suppose z = 3*x + 49, -55 = -z - 0*x + 5*x. Calculate the highest common factor of z and g.
40
Let r(l) = 346*l**2 + 3*l - 1. Let b(u) = -u**3 - 3*u**2 - 6*u - 17. Let f be b(-3). Let d be r(f). What is the greatest common divisor of d and 48?
12
Suppose -9*q - 3*q + 168 = 0. Suppose q*n + 204 = 26*n. What is the greatest common divisor of n and 136?
17
Let j be (426/994 - 610/(-14)) + -11. Calculate the greatest common divisor of j and 473.
11
Let q be (-2)/(-3)*(-12)/(-1). Suppose 11841 + 2679 = 1956*b - 141*b. Calculate the greatest common factor of q and b.
8
Let y be 0/(-1) + 29*4/4. Suppose -g = -2*d + 49, 0 = 2*d - 8*g + 11*g - y. Calculate the highest common divisor of d and 22.
22
Suppose -5*a - 5 + 0 = 0, -623 = -2*s + 3*a. Suppose -2879*o + 2865*o + 3892 = 0. Suppose -o = -7*x + s. Calculate the greatest common factor of x and 12.
12
Let b(y) = y**2 - 8*y - 5. Suppose 4*r - 6 = -26. Let i be b(r). Suppose -14*o + 298 = 18. What is the greatest common factor of i and o?
20
Let g be (1920/192)/((-3)/366*-2). Calculate the highest common factor of g and 110.
10
Suppose 2910 = 497*k - 400*k. What is the greatest common factor of k and 2830?
10
Let n = -6 - -13. Let v be (-1084)/(-7) - (-1)/n. Let s = -42 + 104. What is the highest common factor of v and s?
31
Let v(i) = -42*i - 318. Let g be v(-8). Calculate the highest common factor of g and 174.
6
Let o(x) = 2*x**3 + 14*x**2 + 7*x - 18. Let q be o(7). What is the greatest common factor of 549 and q?
61
Suppose 1116 = 463*p - 736. Suppose -2*f - 2*f = -64. Calculate the greatest common divisor of p and f.
4
Let n be (-1 - 0)/((-2)/306). Suppose -4*s + 3*r + 30 = 0, 4*s + 2*r - 18 = 22. Calculate the greatest common divisor of s and n.
9
Let b = 1 + 3. Suppose -2*u + 84 = v, b*v - 316 = 3*u - u. Suppose -k = -3*k + v. What is the greatest common divisor of 5 and k?
5
Suppose 6 = 2*w - 3*f, -5*w + 5*f - 3 + 13 = 0. Suppose w = 41*g - 46*g + 155. What is the greatest common divisor of g and 62?
31
Suppose -5*p - 11*l + 369164 - 67213 = 0, 2*p - 120847 = 3*l. What is the greatest common divisor of p and 14?
14
Let v be ((-4)/12)/(1/(-33)). Suppose -3*h + 606 = h + 5*l, 452 = 3*h + 5*l. What is the greatest common factor of v and h?
11
Let z be ((-164)/(-6))/((-4)/(-6)). Suppose -8*i - 1561 = -20*i - 5*y, -5*i = 4*y - 683. What is the highest common divisor of z and i?
41
Let v be -1*(-1)/(1/3). Let n be ((-6)/(-8))/((-10508)/3504 + v). Suppose -11*r + n = -344. What is the highest common divisor of 13 and r?
13
Suppose -3780 + 282 = -66*p. Let r(s) = 2*s**2 - 24*s - 29. Let d be r(23). Calculate the greatest common divisor of p and d.
53
Let z(y) = -3*y - 14. Let u be z(-6). Suppose -5*x - 8 = -4*a + u, 5*a = -x - 14. Let g be -1 + 3 - 22/a. Calculate the greatest common factor of 39 and g.
13
Let y = 206 - -94. Let h be 30/((-52)/(-8) - 6). What is the greatest common factor of h and y?
60
Let v = 18222 - 18144. What is the greatest common factor of 5954 and v?
26
Let b be (-1 - (-14)/4)*210/(-25). Let a be (-7)/b*51 + -5. Calculate the greatest common divisor of 3 and a.
3
Suppose 0 = u + 4*n - 25, -3*u + 120*n + 9 = 121*n. Let g = -5 + 18. What is the greatest common factor of u and g?
1
Let o be 4/(-12) + 25293*1/9. What is the highest common factor of 10 and o?
10
Suppose 3*f = -d + 29, 4*d - 47 = d - f. Let p be ((-20)/d)/(2/(-84)). Calculate the highest common factor of p and 660.
60
Let t(n) = -29*n + 5. Let l be t(-5). Let s(w) = 3*w**2 - 16*w - 39. Let y be s(9). What is the greatest common factor of y and l?
30
Let p(d) be the second derivative of d**5/10 + 4*d**4/3 - 3*d**3/2 - 7*d**2/2 - 17*d + 2. Let y be p(-7). What is the highest common factor of 28 and y?
14
Let w be (27/(-36))/((-2)/(-1728)*-2). Let f(n) = -n**3 - n**2 - 2*n - 1. Let p be f(-3). Let i = 13 + p. Calculate the highest common factor of i and w.
36
Suppose -9 = -2*t + 45. Suppose 3*z = -z. Suppose 5*p + 3*p - 864 = z. What is the greatest common divisor of p and t?
27
Let d be (5619780/(-2916) + (-4)/(-18))/((-2)/4). Calculate the greatest common factor of d and 41.
41
Let u(d) be the second derivative of -11*d**3/3 + 199*d**2/2 + 26*d + 3. Let y be u(7). What is the highest common divisor of y and 180?
45
Suppose 0 = 4*b - 8*b + 1908. Suppose 8*q + 99 = -b. Let o be 16/q + (-2 - 87/(-27)). What is the greatest common factor of 9 and o?
1
Let z(q) = -q + 41. Let y be z(-19). Let d be (3/(9/6))/((-76)/(-1710)). What is the greatest common factor of y and d?
15
Let h = 2176 - 2136. Let r = 3381 + -2369. Suppose -5*o + r = -4*d, -2*d - 325 - 481 = -4*o. What is the greatest common factor of h and o?
40
Suppose -42*c + 54 = -41*c. Suppose -g - 5*y = -30, -5*g = -2*g - 3*y - c. What is the greatest common factor of 80 and g?
20
Let t = 130 + -126. Suppose -2*p = -5*p - t*q, -p + q = -7. What is the highest common divisor of p and 8?
4
Suppose 12726 = 8*a - 2*a + 918. Calculate t